base 11) in base 5?
1340
What is -23 (base 7) in base 10?
-17
Convert 122 (base 3) to base 8.
21
Convert -2 (base 3) to base 13.
-2
Convert 101 (base 2) to base 13.
5
Convert 2 (base 12) to base 8.
2
-19 (base 12) to base 4
-111
-11 (base 3) to base 14
-4
-7 (base 10) to base 11
-7
Convert 0 (base 11) to base 16.
0
-4 (base 6) to base 8
-4
Convert 18 (base 12) to base 13.
17
Convert -445 (base 6) to base 5.
-1143
Convert 2 (base 6) to base 15.
2
Convert -3 (base 11) to base 6.
-3
-b9 (base 13) to base 16
-98
Convert -64 (base 16) to base 4.
-1210
Convert 2 (base 4) to base 2.
10
Convert -1a (base 11) to base 5.
-41
-301 (base 6) to base 11
-9a
Convert 8 (base 13) to base 16.
8
What is -3 (base 12) in base 2?
-11
1 (base 4) to base 5
1
What is -3 (base 15) in base 8?
-3
What is 25 (base 9) in base 11?
21
Convert 12 (base 11) to base 13.
10
What is -3 (base 6) in base 15?
-3
11 (base 2) to base 9
3
What is -b (base 15) in base 14?
-b
What is 8 (base 12) in base 13?
8
What is 4d (base 14) in base 3?
2120
What is 6 (base 12) in base 10?
6
-2 (base 11) to base 6
-2
Convert -5 (base 7) to base 4.
-11
What is -1100 (base 3) in base 6?
-100
-106 (base 7) to base 6
-131
12 (base 14) to base 12
14
Convert -30 (base 5) to base 15.
-10
-75 (base 10) to base 13
-5a
What is -323 (base 5) in base 9?
-107
1 (base 6) to base 11
1
4 (base 15) to base 16
4
What is -3 (base 11) in base 4?
-3
What is 1 (base 11) in base 14?
1
What is 3 (base 11) in base 12?
3
What is 32 (base 15) in base 14?
35
What is -13 (base 14) in base 8?
-21
Convert -16 (base 10) to base 14.
-12
-2 (base 10) to base 16
-2
Convert 0 (base 14) to base 5.
0
Convert -20 (base 6) to base 16.
-c
What is -23 (base 4) in base 10?
-11
Convert 20 (base 14) to base 13.
22
Convert -440 (base 5) to base 16.
-78
-19 (base 15) to base 11
-22
What is 65 (base 7) in base 3?
1202
Convert 22 (base 7) to base 11.
15
Convert 1111 (base 2) to base 10.
15
3 (base 7) to base 12
3
What is 141 (base 5) in base 3?
1201
What is 5 (base 7) in base 6?
5
e3 (base 15) to base 7
423
What is 372 (base 8) in base 13?
163
Convert 1 (base 5) to base 12.
1
Convert 124 (base 7) to base 5.
232
What is -1 (base 8) in base 13?
-1
Convert 16 (base 7) to base 3.
111
What is 101 (base 2) in base 6?
5
What is c6 (base 13) in base 5?
1122
Convert -1100 (base 2) to base 13.
-c
Convert -11000 (base 2) to base 10.
-24
Convert 11 (base 9) to base 4.
22
-100110 (base 2) to base 9
-42
Convert -30 (base 4) to base 5.
-22
Convert 3 (base 11) to base 14.
3
-1 (base 2) to base 13
-1
What is -2 (base 13) in base 10?
-2
What is -1 (base 3) in base 2?
-1
34 (base 11) to base 8
45
What is -11 (base 2) in base 11?
-3
Convert -3 (base 15) to base 11.
-3
43 (base 6) to base 3
1000
What is 0 (base 9) in base 3?
0
Convert 3 (base 4) to base 6.
3
Convert 111 (base 2) to base 9.
7
Convert -3 (base 12) to base 14.
-3
24 (base 10) to base 3
220
Convert 1010 (base 2) to base 15.
a
What is 11 (base 2) in base 14?
3
What is 2 (base 7) in base 6?
2
10100100 (base 2) to base 6
432
What is 22 (base 8) in base 12?
16
35 (base 14) to base 6
115
-a (base 11) to base 3
-101
Convert 1 (base 14) to base 13.
1
What is 22 (base 15) in base 9?
35
-7 (base 11) to base 16
-7
Convert -5 (base 12) to base 10.
-5
What is 1 (base 7) in base 6?
1
4 (base 10) to base 2
100
-61 (base 8) to base 9
-54
What is -9 (base 14) in base 8?
-11
Convert -1 (base 12) to base 8.
-1
-11 (base 12) to base 13
-10
What is -211 (base 6) in base 11?
-72
Convert 17 (base 10) to base 15.
12
Convert 4 (base 10) to base 14.
4
What is -8 (base 11) in base 16?
-8
Convert c (base 14) to base 8.
14
26 (base 7) to base 2
10100
What is 357 (base 8) in base 13?
155
What is b (base 12) in base 15?
b
-222 (base 5) to base 2
-111110
What is 12 (base 10) in base 15?
c
3 (base 15) to base 10
3
Convert 8 (base 12) to base 11.
8
Convert 215 (base 9) to base 8.
260
Convert -3 (base 15) to base 6.
-3
What is -11 (base 11) in base 16?
-c
f (base 16) to base 7
21
What is 9 (base 13) in base 8?
11
4 (base 8) to base 13
4
Convert -3 (base 12) to base 4.
-3
Convert -11 (base 5) to base 2.
-110
What is -10 (base 9) in base 10?
-9
-20 (base 5) to base 13
-a
Convert 214 (base 5) to base 2.
111011
-436 (base 7) to base 16
-df
Convert -5 (base 9) to base 7.
-5
-3 (base 8) to base 3
-10
Convert a (base 14) to base 11.
a
Convert 212 (base 4) to base 15.
28
46 (base 11) to base 7
101
What is -11 (base 7) in base 11?
-8
-371 (base 10) to base 6
-1415
Convert 222 (base 3) to base 16.
1a
What is -13 (base 8) in base 15?
-b
Convert -20111 (base 3) to base 15.
-ba
-2 (base 8) to base 2
-10
What is -11 (base 11) in base 13?
-c
Convert -51 (base 13) to base 15.
-46
What is db (base 14) in base 4?
3001
What is 26 (base 11) in base 4?
130
Convert -5 (base 13) to base 12.
-5
What is 4 (base 6) in base 7?
4
2 (base 15) to base 10
2
-33 (base 10) to base 12
-29
3 (base 11) to base 16
3
Convert -4 (base 7) to base 8.
-4
64 (base 9) to base 16
3a
What is 5b (base 13) in base 9?
84
2 (base 12) to base 4
2
3 (base 10) to base 4
3
Convert 2 (base 6) to base 9.
2
3 (base 4) to base 5
3
What is -3a (base 15) in base 14?
-3d
3 (base 10) to base 12
3
What is 3 (base 6) in base 10?
3
Convert 76 (base 8) to base 12.
52
Convert -1021 (base 3) to base 7.
-46
What is 36 (base 14) in base 8?
60
What is -2 (base 11) in base 5?
-2
-4 (base 12) to base 13
-4
What is -134 (base 5) in base 7?
-62
What is 201 (base 3) in base 5?
34
4b (base 13) to base 8
77
-29 (base 14) to base 12
-31
3 (base 4) to base 16
3
1 (base 3) to base 12
1
Convert -1e (base 15) to base 2.
-11101
What is 6 (base 8) in base 14?
6
What is -4 (base 10) in base 3?
-11
-1 (base 15) to base 16
-1
12202 (base 3) to base 11
131
Convert 3 (base 10) to base 13.
3
110001 (base 2) to base 11
45
-4 (base 11) to base 16
-4
Convert 10 (base 10) to base 5.
20
What is -e (base 15) in base 3?
-112
Convert 7 (base 8) to base 12.
7
What is 10010001 (base 2) in base 13?
b2
Convert -3 (base 9) to base 7.
-3
Convert -2144 (base 5) to base 3.
-102002
What is -1110 (base 2) in base 11?
-13
What is 52 (base 9) in base 4?
233
-31 (base 6) to base 9
-21
-22 (base 6) to base 15
-e
What is 36 (base 8) in base 13?
24
What is -1 (base 14) in base 6?
-1
14 (base 7) to base 2
1011
What is -d0 (base 16) in base 7?
-415
What is 0 (base 12) in base 7?
0
What is -111 (base 3) in base 5?
-23
4 (base 6) to base 5
4
What is 30 (base 16) in base 2?
110000
Convert -90 (base 10) to base 12.
-76
-67 (base 15) to base 16
-61
0 (base 12) to base 5
0
What is 31 (base 7) in base 3?
211
What is 121 (base 7) in base 11?
59
1001 (base 2) to base 15
9
Convert 71 (base 9) to base 8.
100
Convert -21 (base 4) to base 14.
-9
Convert -13 (base 5) to base 9.
-8
What is -12 (base 3) in base 13?
-5
What is 0 (base 8) in base 14?
0
What is 0 (base 8) in base 14?
0
What is -389 (base 10) in base 5?
-3024
2 (base 11) to base 3
2
Convert -10 (base 5) to base 15.
-5
What is 53 (base 10) in base 6?
125
-62 (base 8) to base 16
-32
-106 (base 7) to base 10
-55
Convert -65 (base 8) to base 15.
-38
Convert 0 (base 5) to base 6.
0
32 (base 11) to base 8
43
What is -111110 (base 2) in base 10?
-62
Convert -5 (base 11) to base 10.
-5
11 (base 3) to base 12
4
-52 (base 11) to base 7
-111
-11 (base 15) to base 13
-13
What is e (base 15) in base 6?
22
100100001 (base 2) to base 8
441
-16 (base 7) to base 5
-23
What is -101 (base 6) in base 9?
-41
What is 24 (base 5) in base 9?
15
2 (base 6) to base 16
2
-46 (base 16) to base 3
-2121
-2 (base 5) to base 15
-2
Convert -241 (base 6) to base 5.
-342
Convert 3212 (base 4) to base 3.
22112
-5 (base 8) to base 16
-5
21 (base 6) to base 3
111
Convert a (base 15) to base 13.
a
-3 (base 15) to base 9
-3
1 (base 12) to base 7
1
Convert -83 (base 11) to base 15.
-61
What is 4 (base 7) in base 8?
4
222 (base 3) to base 5
101
Convert -4 (base 7) to base 2.
-100
What is -6 (base 9) in base 11?
-6
What is 46 (base 15) in base 16?
42
Convert 34 (base 14) to base 3.
1201
-1 (base 2) to base 9
-1
What is -465 (base 8) in base 16?
-135
Convert -5 (base 6) to base 11.
-5
41 (base 5) to base 4
111
53 (base 11) to base 15
3d
10 (base 4) to base 14
4
What is 77 (base 13) in base 12?
82
Convert -4 (base 8) to base 2.
-100
Convert -20 (